{"id":82,"date":"2017-02-15T02:22:41","date_gmt":"2017-02-15T02:22:41","guid":{"rendered":"http:\/\/demo.themeton.com\/consultaid\/?page_id=82"},"modified":"2023-11-08T19:42:32","modified_gmt":"2023-11-08T19:42:32","slug":"despre-noi","status":"publish","type":"page","link":"https:\/\/prestarifarming.ro\/index.php\/despre-noi\/","title":{"rendered":"Despre noi"},"content":{"rendered":"<p>[vc_row content_placement=&#8221;middle&#8221; css=&#8221;.vc_custom_1488548793288{margin-bottom: 70px !important;}&#8221;][vc_column width=&#8221;1\/2&#8243;][vc_single_image image=&#8221;1348&#8243; img_size=&#8221;570&#215;490&#8243; alignment=&#8221;center&#8221; css=&#8221;.vc_custom_1687842799646{margin-bottom: 0px !important;}&#8221;][\/vc_column][vc_column width=&#8221;1\/2&#8243;][vc_column_text css=&#8221;.vc_custom_1699472559727{padding-top: 30px !important;}&#8221;]<\/p>\n<h1>Cu ce ne ocupam?<\/h1>\n<p>Cu ajutorul dronelor de cartare \u0219i agricole, \u00eei sus\u021binem pe fermieri s\u0103 lucreze mai eficient \u0219i s\u0103 ob\u021bin\u0103 randamente mai bune cu timp \u0219i costuri reduse!<\/p>\n<p>Aeronavele f\u0103r\u0103 pilot, cunoscute \u0219i sub numele de drone, sunt din ce \u00een ce mai populare \u00een agricultur\u0103. Dronele agricole sunt special concepute pentru a ajuta fermierii \u00een diverse sarcini, cum ar fi inspectarea c\u00e2mpurilor \u0219i monitorizarea culturilor.<\/p>\n<p>Lucr\u0103m cu drone DJI de \u00eenalt\u0103 performan\u021b\u0103 pentru a oferi servicii de examinare a terenului, chiar \u0219i pe timp de noapte, 24 de ore pe zi.[\/vc_column_text][\/vc_column][\/vc_row]<\/p>\n","protected":false},"excerpt":{"rendered":"<p>[vc_row content_placement=&#8221;middle&#8221; css=&#8221;.vc_custom_1488548793288{margin-bottom: 70px !important;}&#8221;][vc_column width=&#8221;1\/2&#8243;][vc_single_image image=&#8221;1348&#8243; img_size=&#8221;570&#215;490&#8243; alignment=&#8221;center&#8221; css=&#8221;.vc_custom_1687842799646{margin-bottom: 0px !important;}&#8221;][\/vc_column][vc_column width=&#8221;1\/2&#8243;][vc_column_text css=&#8221;.vc_custom_1699472559727{padding-top: 30px !important;}&#8221;] Cu ce ne ocupam? Cu ajutorul dronelor de cartare \u0219i agricole, \u00eei sus\u021binem pe fermieri s\u0103 lucreze mai eficient \u0219i s\u0103 ob\u021bin\u0103 randamente mai &#8230;<\/p>\n","protected":false},"author":1,"featured_media":0,"parent":0,"menu_order":0,"comment_status":"closed","ping_status":"closed","template":"","meta":[],"_links":{"self":[{"href":"https:\/\/prestarifarming.ro\/index.php\/wp-json\/wp\/v2\/pages\/82"}],"collection":[{"href":"https:\/\/prestarifarming.ro\/index.php\/wp-json\/wp\/v2\/pages"}],"about":[{"href":"https:\/\/prestarifarming.ro\/index.php\/wp-json\/wp\/v2\/types\/page"}],"author":[{"embeddable":true,"href":"https:\/\/prestarifarming.ro\/index.php\/wp-json\/wp\/v2\/users\/1"}],"replies":[{"embeddable":true,"href":"https:\/\/prestarifarming.ro\/index.php\/wp-json\/wp\/v2\/comments?post=82"}],"version-history":[{"count":7,"href":"https:\/\/prestarifarming.ro\/index.php\/wp-json\/wp\/v2\/pages\/82\/revisions"}],"predecessor-version":[{"id":1371,"href":"https:\/\/prestarifarming.ro\/index.php\/wp-json\/wp\/v2\/pages\/82\/revisions\/1371"}],"wp:attachment":[{"href":"https:\/\/prestarifarming.ro\/index.php\/wp-json\/wp\/v2\/media?parent=82"}],"curies":[{"name":"wp","href":"https:\/\/api.w.org\/{rel}","templated":true}]}}